{"id":26,"date":"2018-10-17T14:00:10","date_gmt":"2018-10-17T14:00:10","guid":{"rendered":"http:\/\/138.68.128.152\/?page_id=26"},"modified":"2018-10-17T14:00:10","modified_gmt":"2018-10-17T14:00:10","slug":"home","status":"publish","type":"page","link":"https:\/\/soprosonhos.pt\/","title":{"rendered":"Home"},"content":{"rendered":"<p style=\"line-height: 115%; background: white; margin: 0cm 0cm 18.0pt 0cm;\"><strong><span style=\"color: #333333;\">A NOSSA VIS\u00c3O<\/span><\/strong><span style=\"color: #333333;\"><br \/>Ser uma refer\u00eancia na ativa\u00e7\u00e3o de capacidades individuais e coletivas que visam o desenvolvimento das comunidades.<\/span><\/p>\n<p style=\"line-height: 115%; background: white; margin: 0cm 0cm 18.0pt 0cm;\"><strong><span style=\"color: #333333;\">A NOSSA MISS\u00c3O<\/span><\/strong><span style=\"color: #333333;\"><br \/>Contribuir para a constru\u00e7\u00e3o de comunidades mais inclusivas promovendo processos de sensibiliza\u00e7\u00e3o, capacita\u00e7\u00e3o e emancipa\u00e7\u00e3o.<\/span><\/p>\n<p style=\"line-height: 115%; background: white; margin: 0cm 0cm 18.0pt 0cm;\"><strong><span style=\"color: #333333;\">OS NOSSOS VALORES<\/span><\/strong><span style=\"color: #333333;\"><br \/>Cidadania, diversidade, participa\u00e7\u00e3o e solidariedade<\/span><\/p>\n\n\n<p><\/p>\n","protected":false},"excerpt":{"rendered":"<p>A NOSSA VIS\u00c3OSer uma refer\u00eancia na ativa\u00e7\u00e3o de capacidades individuais e coletivas que visam o desenvolvimento das comunidades. A NOSSA MISS\u00c3OContribuir para a constru\u00e7\u00e3o de comunidades mais inclusivas promovendo processos de sensibiliza\u00e7\u00e3o, capacita\u00e7\u00e3o e emancipa\u00e7\u00e3o. OS NOSSOS VALORESCidadania, diversidade, participa\u00e7\u00e3o e solidariedade<\/p>\n","protected":false},"author":1,"featured_media":0,"parent":0,"menu_order":0,"comment_status":"closed","ping_status":"closed","template":"","meta":{"footnotes":""},"class_list":["post-26","page","type-page","status-publish","hentry"],"_links":{"self":[{"href":"https:\/\/soprosonhos.pt\/index.php?rest_route=\/wp\/v2\/pages\/26","targetHints":{"allow":["GET"]}}],"collection":[{"href":"https:\/\/soprosonhos.pt\/index.php?rest_route=\/wp\/v2\/pages"}],"about":[{"href":"https:\/\/soprosonhos.pt\/index.php?rest_route=\/wp\/v2\/types\/page"}],"author":[{"embeddable":true,"href":"https:\/\/soprosonhos.pt\/index.php?rest_route=\/wp\/v2\/users\/1"}],"replies":[{"embeddable":true,"href":"https:\/\/soprosonhos.pt\/index.php?rest_route=%2Fwp%2Fv2%2Fcomments&post=26"}],"version-history":[{"count":0,"href":"https:\/\/soprosonhos.pt\/index.php?rest_route=\/wp\/v2\/pages\/26\/revisions"}],"wp:attachment":[{"href":"https:\/\/soprosonhos.pt\/index.php?rest_route=%2Fwp%2Fv2%2Fmedia&parent=26"}],"curies":[{"name":"wp","href":"https:\/\/api.w.org\/{rel}","templated":true}]}}